{"id":2,"date":"2014-12-09T18:34:51","date_gmt":"2014-12-09T18:34:51","guid":{"rendered":"http:\/\/www.patrickdejon.com\/?page_id=2"},"modified":"2014-12-15T13:02:06","modified_gmt":"2014-12-15T13:02:06","slug":"sample-page","status":"publish","type":"page","link":"https:\/\/www.patrickdejon.com\/","title":{"rendered":"Bienvenue \u00e0 la chanson"},"content":{"rendered":"<h3><\/h3>\n<h3><strong><span style=\"color: #000080;\">Vous \u00e9tes sur\u00a0le site officiel consacr\u00e9 aux chansons de Patrick DEJON.<\/span><\/strong><\/h3>\n<h3><strong><span style=\"color: #000080;\">Vous aimez la chanson Fran\u00e7aise, les auteurs compositeurs interpr\u00e9tes, la chanson \u00e0 textes et la po\u00e9sie chanson.<\/span><\/strong><\/h3>\n<h3><strong><span style=\"color: #000080;\">Vous aurez un petit aper\u00e7u de ses chansons faites par amour des mots et des notes.<\/span><\/strong><\/h3>\n<h3><strong><span style=\"color: #000080;\">Depuis son adolescence, ce mariage d &lsquo;encre et de sons a \u00e9t\u00e9 un couple d&rsquo;amis fid\u00e9les .<\/span><\/strong><\/h3>\n<h3><strong><span style=\"color: #000080;\">A tr\u00e9s bient\u00f4t lors d&rsquo;un spectacle ou pour l&rsquo;\u00e9coute de ses CD .<\/span><\/strong><\/h3>\n","protected":false},"excerpt":{"rendered":"<p>Vous \u00e9tes sur\u00a0le site officiel consacr\u00e9 aux chansons de Patrick DEJON. Vous aimez la chanson Fran\u00e7aise, les auteurs compositeurs interpr\u00e9tes, la chanson \u00e0 textes et la po\u00e9sie chanson. Vous aurez un petit aper\u00e7u de ses chansons faites par amour des mots et des notes. Depuis son adolescence, ce mariage d &lsquo;encre et de sons a [&hellip;]<\/p>\n","protected":false},"author":1,"featured_media":0,"parent":0,"menu_order":0,"comment_status":"open","ping_status":"open","template":"","meta":{"footnotes":""},"class_list":["post-2","page","type-page","status-publish","hentry"],"_links":{"self":[{"href":"https:\/\/www.patrickdejon.com\/index.php?rest_route=\/wp\/v2\/pages\/2","targetHints":{"allow":["GET"]}}],"collection":[{"href":"https:\/\/www.patrickdejon.com\/index.php?rest_route=\/wp\/v2\/pages"}],"about":[{"href":"https:\/\/www.patrickdejon.com\/index.php?rest_route=\/wp\/v2\/types\/page"}],"author":[{"embeddable":true,"href":"https:\/\/www.patrickdejon.com\/index.php?rest_route=\/wp\/v2\/users\/1"}],"replies":[{"embeddable":true,"href":"https:\/\/www.patrickdejon.com\/index.php?rest_route=%2Fwp%2Fv2%2Fcomments&post=2"}],"version-history":[{"count":11,"href":"https:\/\/www.patrickdejon.com\/index.php?rest_route=\/wp\/v2\/pages\/2\/revisions"}],"predecessor-version":[{"id":262,"href":"https:\/\/www.patrickdejon.com\/index.php?rest_route=\/wp\/v2\/pages\/2\/revisions\/262"}],"wp:attachment":[{"href":"https:\/\/www.patrickdejon.com\/index.php?rest_route=%2Fwp%2Fv2%2Fmedia&parent=2"}],"curies":[{"name":"wp","href":"https:\/\/api.w.org\/{rel}","templated":true}]}}